 a + 2 = o, 2*w - 2*a - 89 = -3*w. What are the prime factors of w?
17
Let z(j) = j + 8*j**3 - 2 + 2 - 1. Suppose 0 = 3*h - 2*v + 5 - 2, 0 = 4*v - 12. List the prime factors of z(h).
2
Let f(j) = j**2 + 4*j - 4. Suppose 7 = -5*p - 5*o + 2, -18 = 2*p - 2*o. Let q be f(p). What are the prime factors of (33/(-6))/(q/(-2))?
11
Let y(n) = n - 8. Let t be y(8). Suppose c - 7*p + 3*p = 10, -p - 1 = t. List the prime factors of c.
2, 3
Let u = 22 + -10. What are the prime factors of u?
2, 3
Let o(k) = 4*k**2 - 4*k - 3. List the prime factors of o(-4).
7, 11
Let d(j) = 5*j**2 + 10*j - 6 + 2*j**2 - 8*j**2. List the prime factors of d(7).
3, 5
Let x = -1 - -2. Let a(v) be the third derivative of 2*v**6/15 + v**5/30 - v**3/6 - 12*v**2. List the prime factors of a(x).
17
Suppose -12*s + 15*s - 681 = 0. List the prime factors of s.
227
Let i(n) be the second derivative of -n**5/20 - n**4/8 + n**3/6 - 2*n. Let s(q) be the second derivative of i(q). What are the prime factors of s(-2)?
3
Let g be (-10 + 9)/((-2)/(-14)). Let z be ((-8)/10)/(g/(-35)). Let j(s) = -4*s - 4. What are the prime factors of j(z)?
2, 3
Let i = 7 + -3. Suppose s = i*g - 3*s - 36, 3*g - 41 = -4*s. List the prime factors of g.
11
Suppose -a = 2*o - 5, 3*o + 4*a - 2*a = 8. Suppose -6 + 4 = -2*i, 17 = c + o*i. Suppose -5 = j - c. List the prime factors of j.
2, 5
Suppose 5*t + 0*t = 15. Suppose t*k - 13 = 14. List the prime factors of k.
3
What are the prime factors of (-10)/(-20) - (-277)/2?
139
Let z = -2 + -4. Let l = 4 - z. Suppose 0 = -5*q - o + 16, -5*o + l = 3*q - 4*o. List the prime factors of q.
3
Suppose -2*m + m = -2*a - 21, 29 = -3*a + m. Let q(i) = -i**2 - 10*i - 10. What are the prime factors of q(a)?
2, 3
Let i = -7 - -17. List the prime factors of i/(-2)*(1 + -2).
5
Let k = -1 + 4. Suppose 2 = 2*q - k*c - 36, 0 = 5*c + 10. List the prime factors of q.
2
Suppose -197 = -9*d + 1396. What are the prime factors of d?
3, 59
Let x(q) = 23*q**2 - q. List the prime factors of x(-1).
2, 3
Let m = 20 - 10. Suppose -x = 3*x - 5*b - m, 3*x + 4*b + 8 = 0. What are the prime factors of 0 - (-2 + 0 - x)?
2
Let g = -9 - -7. List the prime factors of 64/20*(-10)/g.
2
Suppose a - 113 = -2*z, -5*a - 320 = z - 6*z. List the prime factors of z.
59
Suppose 7 = 3*s - 2*p, 4*s - 5*p - 20 = -6. Let h(n) = -14*n**2 + n. Let f(z) = 55*z**2 - 5*z. Let w(j) = -2*f(j) - 9*h(j). List the prime factors of w(s).
17
List the prime factors of 232 - -6*(-1 + 3/6).
229
List the prime factors of ((-7)/(-2))/((-4)/(-328)).
7, 41
List the prime factors of (-8 - (4 - 9))*(-108)/3.
2, 3
Let l(n) = n**2 - 3*n. Let a be l(-3). Let c = -7 + a. What are the prime factors of c?
11
Suppose 2*z - 4*z = -54. List the prime factors of z.
3
Let r(y) = 2*y**2 + 4*y - 5. Let l(n) = -3*n**2 - 6*n + 7. Let t(f) = -5*l(f) - 7*r(f). List the prime factors of t(5).
5, 7
Let g(d) = 2*d + 9. Let l be g(5). Let k = l - 7. What are the prime factors of k?
2, 3
Let u be ((-10)/7)/((-1)/7). Suppose u = -q + 2*q - 4*i, -2*q - 3*i + 20 = 0. List the prime factors of q.
2, 5
Suppose -d + h + 123 = 2*d, 2*d + 3*h = 71. Suppose d = 5*l - l. List the prime factors of l.
2, 5
Let w(o) = o**3 - 3*o**2 + 3. Let z be w(3). Suppose z*h = -3*b + 15, 2*h - 10 = -3*b - 2*b. Suppose -f + 4 = -b*f. What are the prime factors of f?
2
Suppose 83 - 23 = 5*a. Let j = a - 8. Suppose j*d - 27 = d. What are the prime factors of d?
3
Suppose 0*o - o + 30 = m, 5*m = -o + 154. List the prime factors of m.
31
Suppose -l = -t + 6*t, -2*t = l - 9. Let a = l - 10. What are the prime factors of a?
5
Let h = 21 - -30. What are the prime factors of h?
3, 17
Let p be (0/2)/(-14 - -15). Let m = -2 + 3. What are the prime factors of (m - 4)/(-1 + p)?
3
Suppose -2*n + 2*f + 399 = -205, 5*n - 1560 = -5*f. What are the prime factors of n?
307
Let v = 2 - 6. List the prime factors of 34/6 + v/(-12).
2, 3
Let r(o) be the third derivative of -o**5/60 + 5*o**4/8 - 7*o**3/3 + 6*o**2. What are the prime factors of r(6)?
2, 5
Suppose -3*g + 2*g - 3*m + 38 = 0, g + 4*m - 40 = 0. What are the prime factors of g?
2
Let g(y) be the second derivative of y**6/720 + y**5/30 - y**4/12 + 2*y. Let c(x) be the third derivative of g(x). List the prime factors of c(7).
11
Let w(c) = -1. Let n(j) = -7*j - 8. Let z(b) = n(b) - 2*w(b). List the prime factors of z(-4).
2, 11
Suppose 0*g + 3*g = 102. Suppose 3*t = -29 - g. Let j = t - -34. List the prime factors of j.
13
Let d(u) = u**2 + 3*u - 5. Let j = 11 - 6. Let p be d(j). Suppose 0*t = -5*t + p. What are the prime factors of t?
7
Suppose -o + 3*t + 13 = 0, -9 - 2 = 5*o + 4*t. Let p(m) = -2 + 1 - 2*m - o. What are the prime factors of p(-8)?
2, 7
Let z(q) = -q**2 + 7*q - 3. Suppose -b = -3*h - 13 - 1, 3*b + 3*h = 18. Suppose c - 33 = 3*x - b*x, x - 2*c = 0. What are the prime factors of z(x)?
3
List the prime factors of 285/1*(-16)/(-40).
2, 3, 19
Let z = 0 - -9. Suppose 0*s - 3*s = -z. List the prime factors of s.
3
Suppose -3 = p + 2. Let a(w) = -w**3 - 3*w**2 + 6*w - 6. What are the prime factors of a(p)?
2, 7
Suppose -15*a = -19*a + 28. What are the prime factors of a?
7
Let r = 8 + -2. Let o(i) = i**2 - 6*i + 3. What are the prime factors of o(r)?
3
Suppose 0 = 3*c - 7*c + 28. What are the prime factors of c?
7
Let t be 1 + 1 + 2 - 0. Suppose -t*k - 7 = -3*r, k + 3*k = r - 13. What are the prime factors of (-1)/(-2)*(35 + r)?
2
Let h be (-61)/(-4) - 3/(-4). Suppose -4*x + 7 + 1 = 0. Suppose -2*k - x*k = -h. List the prime factors of k.
2
Let g = 1 + 6. List the prime factors of (-8 + g)*(-16 - -1).
3, 5
Suppose -2*o - 37 + 115 = 0. List the prime factors of o.
3, 13
Suppose 2*l + 30 = u, -11 + 112 = -5*l - 4*u. Let i = -8 - l. List the prime factors of i.
3
Let d = -228 + 326. What are the prime factors of d?
2, 7
Suppose 3*j = 7*j - 64. What are the prime factors of j?
2
Let o = 138 + -96. What are the prime factors of o?
2, 3, 7
Let k(m) = -m**2 - 7*m + 7. Let b be k(-5). Let t = 30 - b. What are the prime factors of t?
13
List the prime factors of (-6)/(-9) + (-7)/(-3).
3
What are the prime factors of (-14651)/(-46) - (-6)/(-4)?
317
Let l = -31 - -58. What are the prime factors of l?
3
Suppose 3*c + 27 = g, -c = -3*g - 6*c + 11. List the prime factors of g.
2, 3
List the prime factors of 2/4 + (-78)/(-4).
2, 5
Suppose -4*y = -3*y + 4*d + 11, -5*y = 4*d - 9. Suppose b = y*t + 40, b - 4*b + 100 = -5*t. What are the prime factors of b?
2, 3, 5
Let r be ((-2)/(-6))/(2/6). Let v(k) = 13*k**2. What are the prime factors of v(r)?
13
Let a(u) = u + 100. List the prime factors of a(0).
2, 5
Suppose -4*t = 3*l, t + 4*t + l = -11. Let s = 8 + t. What are the prime factors of s?
5
Let q be 23 + -3 + 4 + 0. Let l = 56 - q. List the prime factors of l.
2
Let a(t) = t**3 + 6*t**2 - 3*t + 1. Let g be a(-3). Let s = 68 - g. Suppose 0 = -5*h + 19 + s. List the prime factors of h.
2, 5
Suppose y + 1 - 16 = 0. What are the prime factors of y?
3, 5
Let j be 2 - (-2)/(3 - 1). Suppose -j*s = -45 - 45. List the prime factors of s.
2, 3, 5
Let t be 10/4 - 6/12. List the prime factors of t/((-3)/(3*-2)).
2
Let d be 22*4/((-24)/(-9)). Suppose 21 = t - q, -d - 5 = -3*t - 2*q. Suppose -5*r + s + 43 = 3*s, 0 = -4*s + t. What are the prime factors of r?
7
Let p be -1 + 1 + 0 + -2. Suppose 3*r - 48 = 12. What are the prime factors of 330/r + (-3)/p?
2, 3
Let d = 7 + -4. Suppose -u + 39 = d*q, -5*u - 5*q - 35 = -180. List the prime factors of u.
2, 3
What are the prime factors of (-5)/15 + (-70)/(-3)?
23
Let a(d) = -4*d - 71. List the prime factors of a(-19).
5
Let i(n) = -2*n + 2*n - n. Let b be i(-4). Suppose 2*c - b*d - 6 = 6, 4 = -4*d. What are the prime factors of c?
2
Let a be (-3 - -1)*9/(-6). Suppose -15 = -a*b + 2*b. List the prime factors of b.
3, 5
Suppose -3*l - 3 + 15 = 0. Suppose 5*d - 52 = d - l*n, -5*n = 4*d - 53. What are the prime factors of d?
2, 3
What are the prime factors of 57*39/18 + (-1)/(-2)?
2, 31
Let w(p) = p**3 - 5*p**2 + 7*p - 5. Let c be w(4). Suppose -c - 1 = -2*d. Suppose -d*r - n + 25 = 0, -2*n + 7 = r - n. What are the prime factors of r?
2, 3
Suppose -3*t + 3*s = -2*t + 23, -5*s = 4*t + 7. What are the prime factors of (6/t)/((-3)/36)?
3
Suppose -14*d = -11*d - 72. What are the prime factors of d?
2, 3
List the prime factors of (